{"id":2,"date":"2020-07-01T07:53:03","date_gmt":"2020-07-01T07:53:03","guid":{"rendered":"https:\/\/staging.diakonie-toesstal.ch\/?page_id=2"},"modified":"2024-11-22T16:13:52","modified_gmt":"2024-11-22T16:13:52","slug":"home","status":"publish","type":"page","link":"https:\/\/diakonie-toesstal.ch\/","title":{"rendered":"Diakonie T\u00f6sstal"},"content":{"rendered":"\n<h3 class=\"wp-block-heading has-text-align-center\"><strong>Diakonie T\u00f6sstal &#8211; nach \u00fcber 13 Jahren schliesst dieser Arbeitszweig formell\u00a0<\/strong><\/h3>\n\n\n\n<p class=\"has-text-align-center\">2011 &#8211; 2024 boten Freiwillige Mitarbeitende unkompliziert praktische Hilfe <br>in schwierigen Lebenssituationen an, unter dem Motto \u00abunterst\u00fctzen \u2013 entlasten \u2013 begleiten\u00bb. \u00a0<br>Das diakonische Engagement ist und bleibt f\u00fcr die Viva Kirche Wila ein Ausdruck christlicher N\u00e4chstenliebe, <br>weil wir glauben, dass Gott jeden Menschen liebt, unabh\u00e4ngig von Religionszugeh\u00f6rigkeit oder anderen Kriterien. <br>Dies ist uns unver\u00e4ndert wichtig.\u00a0<br><strong>Wir werden die Menschen im T\u00f6sstal weiterhin als christliche Gemeinschaft unb\u00fcrokratisch unterst\u00fctzen<\/strong>\u00a0<br>zB.\u00a0in allt\u00e4glichen Aufgaben, Entlastung von Familien und Begleitung von Personen.\u00a0<br>Brauchen sie Hilfe?\u00a0<br><strong>Kontakt + Postadresse<\/strong>: Pastor David Bach, Sonnenbergstrasse 13, 8488 Turbenthal, Tel. 052 385 21 17,\u00a0<br>Mail:\u00a0<a class=\"\" href=\"mailto:david.bach@vivakirche.ch\">david.bach(at)vivakirche.ch<\/a>, Internet:\u00a0<a class=\"\" href=\"https:\/\/vivakirche-wila.ch\/\">https:\/\/vivakirche-wila.ch\/<\/a><\/p>\n\n\n\n<div style=\"height:32px\" aria-hidden=\"true\" class=\"wp-block-spacer\"><\/div>\n\n\n\n<div class=\"wp-block-columns is-layout-flex wp-container-core-columns-is-layout-9d6595d7 wp-block-columns-is-layout-flex\">\n<div class=\"wp-block-column is-layout-flow wp-block-column-is-layout-flow\">\n<figure class=\"wp-block-image size-large\"><img loading=\"lazy\" decoding=\"async\" width=\"940\" height=\"470\" src=\"https:\/\/diakonie-toesstal.ch\/wp-content\/uploads\/2020\/12\/slider_02.jpg\" alt=\"\" class=\"wp-image-47\" srcset=\"https:\/\/diakonie-toesstal.ch\/wp-content\/uploads\/2020\/12\/slider_02.jpg 940w, https:\/\/diakonie-toesstal.ch\/wp-content\/uploads\/2020\/12\/slider_02-300x150.jpg 300w, https:\/\/diakonie-toesstal.ch\/wp-content\/uploads\/2020\/12\/slider_02-768x384.jpg 768w\" sizes=\"auto, (max-width: 940px) 100vw, 940px\" \/><\/figure>\n<\/div>\n\n\n\n<div class=\"wp-block-column is-layout-flow wp-block-column-is-layout-flow\">\n<figure class=\"wp-block-image size-large\"><img loading=\"lazy\" decoding=\"async\" width=\"938\" height=\"470\" src=\"https:\/\/diakonie-toesstal.ch\/wp-content\/uploads\/2020\/12\/16247910_l.jpg\" alt=\"\" class=\"wp-image-48\" srcset=\"https:\/\/diakonie-toesstal.ch\/wp-content\/uploads\/2020\/12\/16247910_l.jpg 938w, https:\/\/diakonie-toesstal.ch\/wp-content\/uploads\/2020\/12\/16247910_l-300x150.jpg 300w, https:\/\/diakonie-toesstal.ch\/wp-content\/uploads\/2020\/12\/16247910_l-768x385.jpg 768w\" sizes=\"auto, (max-width: 938px) 100vw, 938px\" \/><\/figure>\n<\/div>\n\n\n\n<div class=\"wp-block-column is-layout-flow wp-block-column-is-layout-flow\">\n<figure class=\"wp-block-image size-large\"><img loading=\"lazy\" decoding=\"async\" width=\"940\" height=\"470\" src=\"https:\/\/diakonie-toesstal.ch\/wp-content\/uploads\/2020\/12\/slider_04.jpg\" alt=\"\" class=\"wp-image-46\" srcset=\"https:\/\/diakonie-toesstal.ch\/wp-content\/uploads\/2020\/12\/slider_04.jpg 940w, https:\/\/diakonie-toesstal.ch\/wp-content\/uploads\/2020\/12\/slider_04-300x150.jpg 300w, https:\/\/diakonie-toesstal.ch\/wp-content\/uploads\/2020\/12\/slider_04-768x384.jpg 768w\" sizes=\"auto, (max-width: 940px) 100vw, 940px\" \/><\/figure>\n<\/div>\n<\/div>\n\n\n\n<hr class=\"wp-block-separator has-text-color has-secondary-color has-css-opacity has-secondary-background-color has-background is-style-wide\"\/>\n\n\n\n<hr class=\"wp-block-separator has-text-color has-secondary-color has-css-opacity has-secondary-background-color has-background is-style-wide\"\/>\n","protected":false},"excerpt":{"rendered":"<p>Diakonie T\u00f6sstal &#8211; nach \u00fcber 13 Jahren schliesst dieser Arbeitszweig formell\u00a0 2011 &#8211; 2024 boten Freiwillige Mitarbeitende unkompliziert praktische Hilfe in schwierigen Lebenssituationen an, unter dem Motto \u00abunterst\u00fctzen \u2013 entlasten \u2013 begleiten\u00bb. \u00a0Das diakonische Engagement ist und bleibt f\u00fcr die Viva Kirche Wila ein Ausdruck christlicher N\u00e4chstenliebe, weil wir glauben, dass Gott jeden Menschen liebt, [&hellip;]<\/p>\n","protected":false},"author":1,"featured_media":0,"parent":0,"menu_order":0,"comment_status":"closed","ping_status":"closed","template":"templates\/template-full-width.php","meta":{"footnotes":""},"class_list":["post-2","page","type-page","status-publish","hentry"],"_links":{"self":[{"href":"https:\/\/diakonie-toesstal.ch\/index.php?rest_route=\/wp\/v2\/pages\/2","targetHints":{"allow":["GET"]}}],"collection":[{"href":"https:\/\/diakonie-toesstal.ch\/index.php?rest_route=\/wp\/v2\/pages"}],"about":[{"href":"https:\/\/diakonie-toesstal.ch\/index.php?rest_route=\/wp\/v2\/types\/page"}],"author":[{"embeddable":true,"href":"https:\/\/diakonie-toesstal.ch\/index.php?rest_route=\/wp\/v2\/users\/1"}],"replies":[{"embeddable":true,"href":"https:\/\/diakonie-toesstal.ch\/index.php?rest_route=%2Fwp%2Fv2%2Fcomments&post=2"}],"version-history":[{"count":50,"href":"https:\/\/diakonie-toesstal.ch\/index.php?rest_route=\/wp\/v2\/pages\/2\/revisions"}],"predecessor-version":[{"id":264,"href":"https:\/\/diakonie-toesstal.ch\/index.php?rest_route=\/wp\/v2\/pages\/2\/revisions\/264"}],"wp:attachment":[{"href":"https:\/\/diakonie-toesstal.ch\/index.php?rest_route=%2Fwp%2Fv2%2Fmedia&parent=2"}],"curies":[{"name":"wp","href":"https:\/\/api.w.org\/{rel}","templated":true}]}}